 = 3*g - 8. Let i(n) = n - 5. Let f be i(11). Is 5 a factor of x(f)?
True
Suppose 0*n = -z + 2*n + 20, z - 20 = -4*n. Does 10 divide z?
True
Let g(n) = 5*n + 9. Let d(k) = -3*k - 4. Let c(x) = -9*d(x) - 4*g(x). Let p be c(8). Does 14 divide ((-2)/(-4))/(2/p)?
True
Let x(k) = -16*k + 4. Let b be x(-3). Suppose -181 + b = -3*m. Suppose -d = 2*j - m, 4*j = 5*d + 6 + 115. Does 12 divide j?
True
Suppose 2*l - 31 = 1. Does 12 divide l?
False
Let h(d) = -d**3 + 35*d**2 - 30*d + 84. Is 13 a factor of h(34)?
False
Let c(j) = -29*j - 18. Is 16 a factor of c(-3)?
False
Suppose 0 = -3*z + 78 + 138. Is 10 a factor of z?
False
Let p = 302 + -194. Is p a multiple of 27?
True
Suppose -5*o = -0*j + j - 15, 0 = -5*j - 25. Let p be (-28)/(-3)*(-1 - -4). Suppose -f - p = -4*w, 3*f - 4*f = -w + o. Does 4 divide w?
True
Let q(a) = a**2 - 7*a - 8. Let i be q(8). Does 13 divide -2 - -24*(1 - i)?
False
Let p = -3 + 6. Let r(s) = 6*s - 1. Is 9 a factor of r(p)?
False
Let q be (2 - 6/3)/(-3). Let x(r) = r**2 + 28. Is 10 a factor of x(q)?
False
Let v = -2 - -5. Suppose 0 = x + 2*x + v. Let q = 13 - x. Does 12 divide q?
False
Suppose 4*f - 16 = 0, 4*l + 3*f + 105 = l. Let j = 71 + l. Does 17 divide j?
False
Suppose 8 = 3*w + w. Let b be (-1)/((-1)/2) - 1. Is w/b + 0/2 a multiple of 2?
True
Let n(c) = -5*c - 17. Does 20 divide n(-11)?
False
Let k(i) = 18*i + 3. Let o be k(-2). Suppose 5*f = 3*t + 329, -2*f = -6*f + 5*t + 258. Let y = o + f. Does 18 divide y?
False
Suppose -g = 2*g + 3*a - 135, -3*g + 3*a = -159. Is 13 a factor of g?
False
Suppose 2*p - p - 726 = 0. Is p/24 - 1/4 a multiple of 10?
True
Does 60 divide (16/10)/((-894)/225 - -4)?
True
Suppose -5*p + 20 = 4*g, -3*g + 5*p = -5*g + 10. Let n = g - -12. Is n a multiple of 5?
False
Let n(g) = 4*g - 5. Suppose 30 + 0 = -5*k. Let s be n(k). Let l = 48 + s. Is l a multiple of 7?
False
Let k = 4 - 2. Suppose -k*a + 0*a = 0. Does 11 divide -11*(a + -1)/1?
True
Suppose 33 + 31 = 4*h. Is h a multiple of 8?
True
Let h = -86 + 440. Suppose 4*m - 5*l - 300 = 0, l = 2*m + 3*m - h. Suppose i + 0*f = f + 36, m = 2*i - f. Is 11 a factor of i?
False
Let q(x) be the third derivative of -x**6/120 - x**5/12 - 5*x**4/24 - 7*x**3/6 + 5*x**2. Is q(-5) a multiple of 10?
False
Suppose k + 2*u - 4 = 1, -k + 5*u = 23. Let o(d) = -3*d**3 - d**2 + d - 4. Is 13 a factor of o(k)?
True
Is (0 - 1) + 5/(-10)*-178 a multiple of 11?
True
Let a = -436 + 722. Suppose 117 = 2*b - o, -a = -5*b + o - 5*o. Suppose b = 2*q - 34. Is q a multiple of 16?
False
Suppose -3*j + 8*j = -40. Let o = 18 + j. Is o a multiple of 3?
False
Let p(m) = 23*m**3 + m**2 - m + 1. Let f be p(1). Let c be ((-4)/(-5))/(2/5). Suppose 0 = -c*o + 4*q - 0 + f, -q - 76 = -4*o. Is o a multiple of 10?
True
Let v(z) = z - 4. Is 3 a factor of v(9)?
False
Let l = 10 + -16. Let p(f) = -f**3 - 7*f**2 - f - 1. Let d be p(l). Let q = d - -49. Is 6 a factor of q?
True
Let g be (-112)/(-20) + (-9)/15. Suppose g*z + m - 219 = 0, 5*z + 4*m - 79 - 137 = 0. Does 18 divide z?
False
Let d = 35 + -7. Does 7 divide d?
True
Let u be (-4)/6 - 5/(-3). Is 39/(u/(2/3)) a multiple of 18?
False
Suppose 0 = -2*u - 8 + 20. Let k = 33 - u. Is 9 a factor of k?
True
Suppose -4*q = -j + 19, 2*j - 3*q + 6*q + 6 = 0. Is (24/1)/(2/j) a multiple of 10?
False
Let t(q) = -5*q + 2*q**2 - 2*q**3 - q**3 + 4*q**3 + 2. Suppose -3*r - 4*u = -5, 3*r + 5*u + 11 = 5*r. Does 16 divide t(r)?
True
Let g(n) = n + 8. Let o be g(-8). Suppose -3*j = -3*y - 18, o*j - 2*y = -5*j + 21. Is ((-65)/15)/(j/(-27)) a multiple of 16?
False
Let h(k) = -k**2 - 5*k - 6. Let a be h(-5). Is (0 - 207)*a/18 a multiple of 26?
False
Let j = -12 + 24. Suppose 2*p = 4*p - j. Suppose p*l = l + 3*s + 12, -l - s + 4 = 0. Does 3 divide l?
True
Let s = 24 + -17. Let m be s*1*(4 - 1). Suppose m + 3 = 2*f. Does 11 divide f?
False
Suppose 9 = p + 1. Suppose 5*v - h + 11 = 0, -5 = 3*v - h - 0. Let y = v + p. Does 3 divide y?
False
Let c = -399 + 620. Suppose j = 3*j - 10. Suppose j*g - c = 2*v, -35 = -2*g + g + 5*v. Is g a multiple of 12?
False
Let w(m) = 37*m - 2. Let g be w(2). Suppose 0*o + 4*o - g = 0. Does 6 divide o?
True
Let y be 22/6 + (-6)/(-18). Suppose y*v - 3*h - 9 = 0, 2*v = -2*v - 5*h + 17. Suppose v*j = -6, 2*k + 4*j + 13 = 41. Is 9 a factor of k?
True
Let b = -24 - -141. Is b a multiple of 39?
True
Let b be (-1)/4 - (-1505)/20. Suppose 0 = 4*n - 113 - b. Does 13 divide n?
False
Let r = 12 - 9. Suppose -r*v = -v - 2*p - 60, 0 = v + p - 32. Does 14 divide v?
False
Let c = 20 + -8. Does 3 divide c?
True
Let t(w) = w - 6. Let n be t(0). Let u = n + 7. Suppose 0 = -2*m + u + 21. Is 11 a factor of m?
True
Let l = 14 + -9. Let x = l + 18. Is 6 a factor of x?
False
Let y be ((-4)/6)/((-1)/(-3)). Let c be (-1 - 12/(-3))*y. Is (-8)/c*(-5 - -17) a multiple of 7?
False
Let a(r) be the first derivative of r**3/3 - 2*r**2 + 3*r - 1. Let q be a(4). Suppose -b - 2*b = -3*s - 45, -2*b = q*s - 20. Does 8 divide b?
False
Let g(n) be the second derivative of -1/12*n**4 + 2*n + 0 + 5/2*n**2 + 4/3*n**3. Is g(4) a multiple of 21?
True
Suppose -v = -2 - 55. Does 27 divide v?
False
Suppose -4*v - 6 = -2. Let h be (7*v)/(2/(-8)). Suppose -3*p = h - 145. Does 13 divide p?
True
Let q(y) = y**2 - 2*y - 5. Does 4 divide q(-3)?
False
Let g(l) = l**3 + 11*l**2 + 6. Let t be g(-11). Suppose 2*c - t - 6 = 0. Is 3 a factor of c?
True
Let q(m) = m - 2. Let g be q(-4). Let y(b) = -b**2 - 12*b - 8. Let d be y(g). Suppose -2*c + 18 = -d. Does 14 divide c?
False
Let w be 11/(-2) + (-1)/2. Does 2 divide (w/(-4))/((-24)/(-32))?
True
Suppose 3*c + 4*c - 2184 = 0. Is 15 a factor of c?
False
Let j be 1 + (3 - (-1 + 1)). Suppose -j*u = -u - 36. Let q(r) = -r**2 + 13*r - 2. Does 10 divide q(u)?
True
Suppose t = -4*t + 170. Suppose 0 = z + 3*u - 14, -2*z - z + 21 = 2*u. Suppose -4*g + t = -2*v + 8, z = -5*v. Is 3 a factor of g?
True
Suppose -2*p + 15 + 23 = 0. Does 19 divide p?
True
Let q = 10 + -5. Suppose -9 = q*y - 4*y. Is y/3*5/(-1) a multiple of 10?
False
Let v(n) = -n**3 - 2*n**2 + n - 2. Let l be v(-3). Let z be (l + -5)*(-95 - 0). Suppose 3*f = -2*f + z. Is f a multiple of 6?
False
Suppose 4*a + 0*i = 4*i + 160, -4*i - 196 = -5*a. Suppose 3*f + 0*f - 94 = 4*q, 0 = -3*q - 4*f - 83. Let o = q + a. Is o a multiple of 7?
False
Let g = 345 - 246. Does 11 divide g?
True
Let c = 15 - 10. Let d(x) = x**3 - 1. Let u(f) = -7*f**3 + 4*f**2 + 6*f + 5. Let r(g) = 6*d(g) + u(g). Is 4 a factor of r(c)?
True
Suppose -4*l - 3*i + 34 = 139, -5*l - 2*i - 133 = 0. Let u = l + 56. Is u a multiple of 8?
False
Let l = 473 - 335. Suppose 0 = 4*x + 2 - l. Does 19 divide x?
False
Suppose 7*a + 3*b - 12 = 4*a, a = 3*b + 16. Suppose -a*w - 28 = -8*w. Let x = w + -17. Is x a multiple of 8?
False
Let c(t) = t**2 - 5. Let w(l) = l + 1. Let u(k) = -c(k) - 4*w(k). Let n be u(-4). Suppose -4 - n = -f. Is 5 a factor of f?
True
Does 13 divide 1850/(-111)*(22/(-10) - -1)?
False
Is 9 a factor of (702/(-65))/(4/(-10))?
True
Let c = -506 - -713. Is c a multiple of 30?
False
Is 9 a factor of ((-54)/36)/((-2)/60)?
True
Suppose 5*a + 0*a = -45. Let k = 32 + a. Is 23 a factor of k?
True
Suppose 0 = 4*i - x - 258, -3*i - 4*x = -7*i + 252. Does 11 divide i?
False
Let r = -78 - 26. Let n = 40 + r. Let a = n - -107. Is 12 a factor of a?
False
Is (-3 + (-9)/(-2))*940/6 a multiple of 47?
True
Suppose -5*p + 2*o = -14, 4*p - 6 = 5*o + 12. Suppose p*r + 0*r = 0. Suppose r = -8*i + 3*i + 200. Is i a multiple of 14?
False
Let b(o) = 135*o**2. Let m be b(-1). Suppose m = 5*j + 40. Is 13 a factor of j?
False
Suppose 12 = 4*w + 4*z, -2 = -3*z + 7. Let n = 2 + w. Suppose 0 = -3*j - n*j + 140. Is j a multiple of 14?
True
Let h(q) = 3*q**2 + 12*q + 6. Does 7 divide h(-5)?
True
Let c = 5 - 3. Suppose -5*w + 40 = 2*x, -3*w + 3*x - 5*x + 28 = 0. Suppose -c*q = -w*q + 32. Does 8 divide q?
True
Suppose 2*j + h - 2 = 0, j - 5*j - 8 = 5*h. Let q be 3/j*-1 + 6. Suppose 3*v + 4 = q*v. Is 2 a factor of v?
True
Suppose 0 = 4*w + 3*c + c + 72, -w + c - 10 = 0. Is 11 a factor of (-4)/(-14) - 598/w?
False
Suppose 0*c + 32 = c. Is c a multiple of 8?
True
Let u = 109 + -70. Is 17 a factor of u?
False
Let q(t) = -t**2 + 9*t - 6. Is 12 a factor of q(6)?
True
Suppose 151 = 5*u - 99. Let l = -32 + u. Let t = l - 4. Is 7 a factor of t?
True
Suppose 530 = 2*h - q,